 r is divided by c?
14
Let m(w) = -w**2 - 15*w + 5. Let h(f) = -f**3 - 8*f**2 + 2*f + 4. Let k be h(-8). Calculate the remainder when m(k) is divided by 14.
13
Suppose 56 + 44 = 5*n. Suppose 5*z - 14 = -4, -5*z + n = v. Calculate the remainder when 38 is divided by v.
8
Suppose -24 = -10*x + 7*x. Calculate the remainder when 30 is divided by x.
6
Let o = -12 + 22. What is the remainder when 26 is divided by o?
6
Let y(a) = 2*a**3 - 5*a**2 - 6*a + 6. Let x be y(6). Suppose 0 = 2*t - 6, 5*r + 4*t - 125 = x. What is the remainder when r is divided by 23?
21
Let g(z) = z**3 + 2*z**2 - 3*z - 4. Let d be g(-3). Let y be (2/d + 1)*26. Let u = y - 5. Calculate the remainder when 13 is divided by u.
5
Let r = 1 + -2. Let h(u) = -2*u + 1. What is the remainder when 5 is divided by h(r)?
2
Suppose o - 4*o + 16 = f, -3*o + 11 = -4*f. Suppose 5*h + o = 0, -5*t + 78 = -t - 2*h. What is the remainder when (-1)/(-3) - (-820)/15 is divided by t?
17
Suppose 2*t = x + 27, 3*x - 49 = t - 5*t. What is the remainder when 47 is divided by t?
8
Let n = 38 + 22. Suppose -9*z + 6*z + n = 0. Calculate the remainder when z is divided by 11.
9
Let j = -5 - -8. Suppose -6 = -j*h + 21. Calculate the remainder when h is divided by 5.
4
Suppose 7 + 13 = 4*v. Let g = 12 - v. Let a = g - -9. Calculate the remainder when 30 is divided by a.
14
Suppose 2*o = 5*o - 12. What is the remainder when o is divided by 3?
1
Let c(i) = 5*i + 22. What is the remainder when c(-2) is divided by 52/10 + (-2)/10?
2
Let c(q) = -46*q + 2. Let r be c(-8). Suppose -6*y + y = -r. Calculate the remainder when y is divided by 25.
24
Suppose 3*d = -2*d - 350. Let i = -45 - d. What is the remainder when i is divided by 9?
7
Suppose -r + 4 = 2. Let w(c) be the second derivative of -c**3/6 - 3*c**2/2 + c. Calculate the remainder when r is divided by w(-5).
0
Suppose -5*k + k - 2*h = -2, 4*k - 5*h = -5. Suppose d + 2*o = -4*d + 226, k = 2*d + 4*o - 100. What is the remainder when d is divided by 15?
14
Suppose c = 5*b + 9, -c - 2*b + 17 = b. Suppose z = 5*n + 19 + 30, 2*z = -2*n + 110. Suppose -z = -o - o. Calculate the remainder when o is divided by c.
13
Let w(c) = c**3 + 7*c**2 - 2*c - 7. Let m be w(-7). Let p(a) = 22 - a**2 - 20 + a + 6*a. Calculate the remainder when p(m) is divided by 2.
0
Let u be -3 - (-94 - (-3 - -1)). Suppose 339 = 5*n + u. What is the remainder when n is divided by 26?
24
Let o be (-2)/(-7) + (-12)/42. Suppose 2*h - h - 4 = o. Suppose 3*g + 5*i - 23 = 4, h*g + 3*i = 36. Calculate the remainder when 17 is divided by g.
8
Let f(a) = a**3 - 7*a**2 + 5*a + 7. Let p be f(6). Let n(z) = 2*z**3 + z**2 + z - 1. Calculate the remainder when n(p) is divided by 2.
1
Let j = -22 - -74. Calculate the remainder when j is divided by 7.
3
Let r(m) be the first derivative of 3*m**2 - 5*m + 2. Let v = -18 + 25. Calculate the remainder when r(4) is divided by v.
5
Suppose -20 = -3*k - 8. Suppose -3*n - k*c + 66 = 0, -4*n + 44 = -2*n + 5*c. Calculate the remainder when n is divided by 12.
10
Let i = -136 + 179. What is the remainder when 213 is divided by i?
41
Let c = -17 + 29. Suppose -c = -4*d + 4. What is the remainder when 11 is divided by d?
3
Let w(l) = -l**3 + 10*l**2 + l + 1. Let b(k) = -11*k - 2. Calculate the remainder when b(-3) is divided by w(10).
9
Let i be ((-6)/(-15))/((-2)/(-10)). Suppose -i*p = 2*p - 16. Suppose -p*l = -4*f - 48, l + 30 = 3*l - 5*f. Calculate the remainder when 28 is divided by l.
8
What is the remainder when 34 is divided by (-2 + 0 + -2)*-2?
2
Let p(u) = u - 1. What is the remainder when 40 is divided by p(12)?
7
Calculate the remainder when 78 is divided by 2/((1/10)/1).
18
Suppose 0 = -b - 0*b + 33. Calculate the remainder when b is divided by 12.
9
Let g be (3/(-2))/((-3)/200). Suppose -m + g = 4*m. Suppose -5*z = -100 + m. What is the remainder when z is divided by 9?
7
Suppose b = 15 - 3. Let k be 10/4*-22 + 2. Let f = -20 - k. What is the remainder when f is divided by b?
9
Suppose -c = 3*p + 2*c - 18, -p = 5*c + 2. What is the remainder when 23 is divided by p?
7
Suppose -f = -0*f - 15. Let l be (-220)/f - 2/(-3). Calculate the remainder when 14 is divided by 7/2 - 7/l.
2
Let r = -50 - -74. What is the remainder when r is divided by 4/(-6) - (-87)/9?
6
Suppose 5*s - 225 = -0*s + 5*l, 3*l + 89 = 2*s. Calculate the remainder when 90 is divided by s.
44
Let l = -60 - -3. Suppose 4*u = -24 + 4. Calculate the remainder when l/u + 2/(-5) is divided by 6.
5
Let b = 32 - 8. Suppose -2*x = n - 75, 2*x - b - 26 = 4*n. What is the remainder when x is divided by 18?
17
Let o = 21 - 2. Calculate the remainder when -5*(-12 - 1/(-1)) is divided by o.
17
Suppose 5*k = -0*t + 3*t + 23, k + 2*t - 15 = 0. Calculate the remainder when 34 is divided by k.
6
Suppose 252 = 5*y - 113. Calculate the remainder when y is divided by 25.
23
Let u(v) = v**3 - 4*v**2 + 1. Suppose 0 = -3*r - r - 2*q + 10, 2*r - 14 = 2*q. What is the remainder when 1 is divided by u(r)?
0
Let m(k) = k - 5. Let v be m(9). Suppose -v*a + 0*a = -20. Suppose a*t = -g + 38, 40 = 5*g + 4*t - 9*t. What is the remainder when 24 is divided by g?
11
Let w(x) = x + 8. Let p be w(0). Suppose 0 = v - 2 - p. What is the remainder when 29 is divided by v?
9
Suppose -y - 9 = -0*y + 5*k, -3*y - 3*k = -9. Suppose -2*a = -3*x + 132, -2*a = -4*a + y. Calculate the remainder when x is divided by 12.
10
Suppose -16 = 5*g - 1, 2*z - 279 = -5*g. Suppose -j = 5*r - 47, -r - 2*r = 5*j - z. What is the remainder when j is divided by 7?
6
Let h(x) = 4*x + 6. Calculate the remainder when 89 is divided by h(5).
11
Suppose -4*q = -4*l - 0*l + 196, -2*q = l - 46. What is the remainder when l is divided by 25?
23
Calculate the remainder when 101 is divided by 4 - -17 - (-1 + 5).
16
Suppose n + 3*q = -3*n - 12, -8 = 2*q. Suppose n = -i - 0 + 1. What is the remainder when i is divided by 1?
0
Suppose -5*o = -5*w + 445, 5*o = -5*w + 6*o + 425. Calculate the remainder when w is divided by 22.
18
Suppose 3*h - h - 3*x = 27, 4*x = 4*h - 52. What is the remainder when 45 is divided by h?
9
Suppose -2*b = -4*y + 5 + 1, -2*b + 3 = -y. Suppose l + d = 5, 19 = -l + 4*d + d. Calculate the remainder when y is divided by l.
0
Suppose l - 5*x + 39 = 0, 3*x - 108 = 4*l + 7*x. What is the remainder when (-5)/10*(1 + l) is divided by 8?
6
Let s(h) be the second derivative of h**4/3 + h**3/2 + 2*h**2 + h. Suppose j + 3*j + 8 = 2*d, 5*j + 9 = 3*d. Calculate the remainder when s(j) is divided by 11.
9
Suppose 6*r = 227 + 163. Suppose 2*o + o = j + 70, -3*o = -5*j - 86. Calculate the remainder when r is divided by o.
21
Let p = 20 + -18. What is the remainder when -5*(-1 - 3/(-5)) is divided by (2 - p)/4 - -2?
0
Let q = 2 + -2. Suppose 4*d - 3*s - 61 = q, 2*d - 23 = 2*s + s. Suppose -4*l + 84 = -140. Calculate the remainder when l is divided by d.
18
Suppose 0*w = -6*w + 588. What is the remainder when w is divided by 34?
30
Suppose 3*k - l + 2*l - 25 = 0, 0 = -4*k + 5*l + 27. Let a(z) = 4*z**2. Let b be a(1). Suppose 0*d + 88 = b*d. Calculate the remainder when d is divided by k.
6
Let g(p) = 82*p - 18. What is the remainder when g(2) is divided by 38?
32
Suppose 3*a = -3*f + 87, -3*a = 2*f - 0*a - 55. Let n be 0 + 1 + (1 - -2). What is the remainder when f is divided by (n + -3)/((-1)/(-11))?
10
Suppose 103 + 34 = i. Suppose 4*j + 4*s - 120 = 0, -2*j + 56 + 24 = -2*s. Calculate the remainder when i is divided by j.
32
Let s(x) = -4*x**3 + 2*x**2 - x + 1. Calculate the remainder when s(-2) is divided by 15.
13
Let v = -25 + 44. What is the remainder when v is divided by 12?
7
Suppose c = 44 + 21. What is the remainder when c is divided by (34/2)/(2/2)?
14
Let s = 0 - 0. Suppose s = -p - 2*p + 21. What is the remainder when 20 is divided by p?
6
Suppose 0 = r - 7 - 1. Suppose -4*v + 2*v = -r. What is the remainder when 21 + -3*v/6 is divided by 10?
9
Calculate the remainder when 40 is divided by 1 + (-17 + -3)/(-1).
19
Let a(z) = -7*z + 35. Calculate the remainder when a(-11) is divided by 23.
20
Let z(h) = h**3 - 7*h**2 + h + 4. What is the remainder when z(7) is divided by (-3)/1 + (5 - -4)?
5
Suppose 0*j = j + 3*x + 1, -4*x - 27 = 5*j. Let b(i) be the first derivative of i**3/3 + 5*i**2/2 + i - 2. What is the remainder when b(j) is divided by 8?
7
S